be (-1)/(-4 + 58/14). Let z(d) = d**2 + 5*d + 5. What is z(n)?
19
Suppose -3*r - 2*r = 0. Let s be (-1 + 4)*(-1 - r). Let u(p) = -p**3 - p**2 + 4*p - 1. Let n be u(s). Let z(o) = o**2 - 7*o + 6. Determine z(n).
-4
Let x(a) = 8*a - a**2 + 6*a**3 + a**3 - 7*a - 13. Let u(b) = 3*b**3 - b**2 - 6. Let q(k) = -5*u(k) + 2*x(k). Calculate q(4).
-4
Suppose 4*v + 1 - 17 = 0. Suppose 2*a - 2*j - 20 = j, 4*j + 36 = v*a. Let q(f) = -f + 5. What is q(a)?
-2
Let s(p) be the first derivative of 0*p**2 - 1/8*p**4 + 0*p + 1 - 1/120*p**5 + 1/3*p**3. Let n(u) be the third derivative of s(u). Determine n(3).
-6
Suppose -3*j + 31 - 8 = s, -15 = -3*s. Let t(d) = 4*d + 1. Determine t(j).
25
Let s(o) = 17*o**3 + 7*o**2 - 7*o - 6. Let z(l) = 33*l**3 + 13*l**2 - 13*l - 11. Let k(p) = -11*s(p) + 6*z(p). Calculate k(1).
11
Let o(u) be the second derivative of u**5/40 + u**4/8 + u**3/3 - u. Let h(q) be the second derivative of o(q). Calculate h(-2).
-3
Let h(i) = 4*i**2. Suppose 0*m = -3*l + 2*m + 32, -4*l = 2*m - 24. Let y be (4/l)/((-1)/2). What is h(y)?
4
Let i(x) = -5*x**2 + x + 4. Let z(n) = 16*n**2 - 2*n - 11. Let k(b) = -8*i(b) - 3*z(b). What is k(1)?
-9
Let u(p) be the third derivative of -7*p**4/24 - p**3/6 + 5*p**2. Calculate u(-1).
6
Let y = -93 + 90. Let r(f) = f - 4*f - f**2 + 4 + 0*f. Determine r(y).
4
Suppose 3*h + 3*y = 18, 0 = 4*y + 7 - 23. Let d(z) be the third derivative of 0 + 0*z - 1/24*z**4 + z**h + 1/3*z**3. Give d(6).
-4
Let g(b) = -3*b - 3. Suppose 0 = 2*c + 4*c + 18. What is g(c)?
6
Suppose -3*l = -3*l + 3*l. Let h(v) = v**2 - v - 13. What is h(l)?
-13
Let k be 17/5 + (-2)/5. Let j(h) = 3*h**3 + 2*h**2 + 2*h**2 - k*h**2 - 5*h**3. Determine j(1).
-1
Let z = -23 - -14. Let w(b) = -11 - 10*b + 7 - b**2 - 9. Let g be w(z). Let a(f) = -f**3 - 4*f**2 + f + 1. What is a(g)?
-3
Let b(k) be the third derivative of k**5/60 + k**4/24 - 42*k**2. Give b(-3).
6
Let f be 2 + 14/(-2) + 1. Let c(q) = 4*q**3 + 2*q**2 + 7*q. Let p(j) = -3*j**3 - 3*j**2 - 6*j + 1. Let d(z) = -2*c(z) - 3*p(z). Give d(f).
-3
Let l(x) = 2 + 0 + 2240*x - 2239*x. Let w(o) = o**3 + 6*o**2 + 5*o - 6. Let g be w(-5). Calculate l(g).
-4
Let z(q) = -q**3 + 4*q**2 - 2*q + 3. Suppose 2*s - 2 = s. Let o = -1 - -1. Let r = o + s. What is z(r)?
7
Let r(f) = -2*f**2 + 3*f - 16. Let n(j) be the second derivative of j**4/4 - 5*j**3/6 + 12*j**2 + j. Let h(o) = 5*n(o) + 8*r(o). Determine h(0).
-8
Let y = -6 - -7. Let l(z) = -z**3 + 9*z**2 - z - 9. Let g(b) = 1 - 1 - b**2 + 1. Let v(n) = y*l(n) + 5*g(n). Give v(4).
-8
Let h(s) = 9*s**2 + s + 1. Let x = 20 - 15. Suppose 2*v - 3 = -x*g - 16, 5*g + 17 = -3*v. What is h(g)?
9
Let a be -2*4/8*-1. Let m(q) = 7*q - 1. Let j be m(a). Let t(u) = u**2 - 8*u + 5. What is t(j)?
-7
Let v(h) = -5*h**2 + h + 1. Suppose 2 = -z + 1. Determine v(z).
-5
Let l(j) = -3*j - 11. Let a(y) = -y - 4. Let p(b) = -11*a(b) + 4*l(b). Determine p(3).
-3
Let j(u) = -u**3 - 7*u**2 - 8*u - 2. Let h be j(-6). Let y(z) = 5 - 5*z - 16 + h. Suppose -2*t - 4*b + 14 = 0, -5*t - 7 - 14 = -4*b. What is y(t)?
4
Let t(o) be the first derivative of o**3/3 + 7*o**2/2 + 7*o - 1. Let h(m) = 5*m**3 + 2*m**2. Let v be h(-1). Let c be -3*(3 + 4/v). Calculate t(c).
-3
Let d(j) = -2*j**2 - j + 6. Let m(s) = -7 + 2*s + 0 + s + 3*s**2 - s. Let i(l) = -4*d(l) - 3*m(l). Determine i(-2).
-3
Let u(a) be the third derivative of 1/24*a**4 + 0 + 1/2*a**3 + 0*a + 2*a**2. What is u(-2)?
1
Let z(g) = g**2 + 4*g - 4. Let y(h) = h - 11. Let c be y(8). Let i be (-6)/(-4)*(c + -1). Calculate z(i).
8
Let z(d) = -d**3 + d**2 - 2*d - 6. Let v = 8 + -5. Let f(k) = -2*k**3 - k - 6. Let x(i) = v*z(i) - 2*f(i). Suppose u + 5*a - 11 = 0, 0 = 2*a - 3 - 3. Give x(u).
-6
Let k(j) = -j**2 - 8*j + 5. Let h(c) = -2*c - 16. Let v be h(-5). Calculate k(v).
17
Let l(f) = -2*f - 7. Let n(g) = -8*g - 30. Let s(t) = -18*l(t) + 4*n(t). Calculate s(-5).
-14
Let p(w) be the third derivative of -w**6/120 - w**5/15 - w**4/6 - w**3/6 + 63*w**2. Give p(-3).
2
Let u(w) = w**3 - 3*w**2 - 6*w + 4. Let j be u(4). Let r(q) = 5*q**2 - 3*q + 7. Let i(h) = -9*h**2 + 4*h - 13. Let t(o) = 4*i(o) + 7*r(o). Calculate t(j).
1
Let r(f) = f**3 + 5*f**2 - 6*f - 10. Let n(k) = -2*k**3 - 3*k**2 + 5*k + 10. Let a(m) = 2*n(m) + 3*r(m). Calculate a(8).
-10
Let j(x) be the second derivative of -x**3/6 + x**2/2 + 4*x. Suppose 3*d = -2*a + 7*d - 24, a - d + 9 = 0. What is j(a)?
7
Let o(d) = -d**2 - d - 1. Let s(c) = 2*c + 1. Let f(z) = 2*o(z) - s(z). What is f(-2)?
-3
Suppose i - i = 9*i. Let t(h) = h + 8. Give t(i).
8
Let v(t) = -t - 4. Let g(p) = -2*p**3 + p**2. Let o be (1*-2 - 0) + 1. Let k be g(o). Suppose 0 = -0*n + k*n. Determine v(n).
-4
Let u(q) = 0*q - 2*q + 4*q + 2. Let p(o) = -o - 5. Suppose 3 + 6 = -h. Let i be p(h). Determine u(i).
10
Let n be 0/(1 + -2 - -3). Suppose n + 2 = v. Suppose 0 = -v*g - 1 - 1. Let o(q) = -2*q + 1. What is o(g)?
3
Suppose i = 2*i + 2. Let t(v) = -v**3 - 2*v**2 - v - 2. Calculate t(i).
0
Let t(w) = -w**3 + 2*w**2 + 2*w + 2. Let m(q) = 4*q**2 - 2*q + 1. Let c be m(1). Suppose c*y + 7 = 4*p, 0*p = -y + p - 1. Give t(y).
-1
Let z(p) be the third derivative of -p**6/120 - p**5/12 - p**3/3 - 9*p**2. Determine z(-5).
-2
Let g = -6 + 2. Let r(l) = -l**2 - 5*l - 2. Calculate r(g).
2
Let u(s) = -s**3 - 2*s - 3. Suppose 2*p = m - 0*m, 2*p - 3*m = 8. Give u(p).
9
Let c(p) = -17*p - 6 + 2*p + 5. Determine c(-2).
29
Suppose 4*d = -3*q - 0*q - 10, -5*d = -2*q + 1. Let r(b) be the third derivative of b**5/15 + b**3/6 + 42*b**2. What is r(d)?
5
Let f(h) = h**3 - h. Let w be f(-1). Suppose 4*t = -w*t + 4. Let j(d) = -t + 0 + 0 + 0 + 7*d**2 + d. What is j(1)?
7
Suppose u - h - 5 = 0, -2*u - 5*h + 29 = 2*u. Suppose -5*o - 2*t - 17 = 0, -o + u*o = 2*t - 33. Let z(x) = -x**3 - 4*x**2 + 4*x - 2. Determine z(o).
3
Let b(w) = w - 10. Let k be (-4 - 1)/(8 + -7). Let x(m) = -m**2 + 1 - 6 + 0*m**2 - 7*m. Let d be x(k). Give b(d).
-5
Let g(l) = l**2 + l + 5. Let h be 0*(-4)/(3 + 1). Suppose -2*p - 4*p = h. Determine g(p).
5
Let k = -20 + 14. Let q = -9 - k. Let a(j) = 6*j - 104 + j**2 + 107 + j. What is a(q)?
-9
Let d(y) = -y**2 - y - 1. Let p = 4 - 2. Let w(r) = 0*r - r - r**3 + 2*r**2 - r + p. Let j be w(2). What is d(j)?
-3
Let l(g) = -3*g + 20. Let f be l(6). Let z(m) = m**3 - m**2 - 3*m + 1. What is z(f)?
-1
Let p(l) be the third derivative of l**6/120 - l**5/10 - 7*l**4/24 + l**3/2 + 3*l**2. Let b(z) = z**2 + 8*z + 7. Let g be b(-8). Give p(g).
3
Suppose 3*q + 3 = q - u, 0 = -4*q - u - 1. Let k(c) = 3 + 2*c - q - 3. Suppose -5*b + 2 + 18 = 0. Calculate k(b).
7
Let f(j) = -j**2 + 4*j + 3. Let m be f(4). Suppose 2*q = -m*q. Let p(u) = -3*u + 5*u + q*u + 4 - 3*u. Determine p(6).
-2
Suppose -4 - 4 = -2*n. Suppose 0*o + 4*o = -n. Let c(m) = 4*m**2 + 5*m**2 + 1 + 3*m - m. Give c(o).
8
Let r(t) = 1 - 2*t - 3 + 3 + t. Let v = 2 + 0. Suppose 4*h = -5*x + v, -x - x + h = 7. Give r(x).
3
Suppose 8*q - 4 - 28 = 0. Let z(w) = w**3 - 3*w**2 - w - 2. What is z(q)?
10
Suppose 2*b - 31 + 5 = 0. Suppose 0 = 3*v + 1 - b. Let d(x) = x**3 - 3*x**2 - 6*x + 2. What is d(v)?
-6
Let x(z) = z**2 + 5*z - 2. Let y(b) be the third derivative of -b**5/60 + b**4/4 - 2*b**3/3 + b**2. Let a be y(6). Give x(a).
-6
Let i(p) = p + 5. Let g = -8 + -16. Let t be (g/(-10))/(12/30). What is i(t)?
11
Let u(r) be the third derivative of r**6/120 + r**5/10 + 5*r**4/24 - r**3/2 - 24*r**2. Determine u(-5).
-3
Let t(b) = b**3 - 7*b - 2*b**3 + 6 + b**3 + b**3 - 3*b**2. Let u be (-4)/(-10) - 18/(-5). Calculate t(u).
-6
Let k(q) = 3*q. Let j(a) = -a**3 - 13*a**2 - 13*a - 13. Let n be j(-12). What is k(n)?
-3
Let u(o) be the third derivative of -o**5/60 - 5*o**4/24 + 7*o**3/6 + 5*o**2. Determine u(-5).
7
Let p(x) = x**3 - x**2 - 2*x + 3. Let z be p(2). Let m(f) = 2*f**z + 17*f - 17*f + f**2. Let q(s) = s**2 + 4*s - 6. Let w be q(-5). Calculate m(w).
-1
Suppose 5*l = -5*r - 10, 5 + 3 = 5*l - 4*r. Suppose l = -0*k - k + 3. Suppose 0 = -5*d + k*d. Let g(o) = o**2 + 1. Give g(d).
1
Let l(b) = -b**2 + 6*b + 7. Let g(t) = 7*t**3 - t**2 + t + 1. Let k be g(1). Let q(m) = m - 2. Let y be q(k). Give l(y).
7
Let z be (3 - (-40)/(-4)) + 3. Let d(h) = h**2 + 2*h - 3. Give d(z).
5
Let i = 8 + -3. Suppose -2*s = 2*m - 4, -14 = i*m + 3*s - 6*s. Let t(b) = 8*b**3 + b**2 + 2*b + 1. Determine t(m).
-8
Let q(l) = 2*l